, 1399, 3119
List the prime factors of 1625217.
3, 11, 17, 2897
What are the prime factors of 15790511?
11, 1435501
List the prime factors of 25843.
43, 601
What are the prime factors of 430521?
3, 7, 13, 19, 83
What are the prime factors of 3334623?
3, 29, 38329
What are the prime factors of 319484?
2, 11, 53, 137
List the prime factors of 221893.
7, 31699
What are the prime factors of 3385468?
2, 331, 2557
What are the prime factors of 1602967?
71, 107, 211
What are the prime factors of 146467?
149, 983
What are the prime factors of 3986216?
2, 13, 38329
What are the prime factors of 1836737?
7, 262391
What are the prime factors of 144129?
3, 107, 449
What are the prime factors of 1674023?
13, 61, 2111
What are the prime factors of 7211097?
3, 101, 7933
What are the prime factors of 295810?
2, 5, 29581
What are the prime factors of 106360?
2, 5, 2659
List the prime factors of 161920.
2, 5, 11, 23
List the prime factors of 182557.
311, 587
What are the prime factors of 53869?
103, 523
What are the prime factors of 132170?
2, 5, 13217
List the prime factors of 331164.
2, 3, 9199
What are the prime factors of 689658?
2, 3, 137, 839
What are the prime factors of 404590?
2, 5, 40459
List the prime factors of 27546673.
7, 11, 149
What are the prime factors of 143115?
3, 5, 7, 29, 47
List the prime factors of 1629629.
491, 3319
What are the prime factors of 646473?
3, 113, 1907
List the prime factors of 1438488.
2, 3, 19979
List the prime factors of 1426614.
2, 3, 7, 33967
What are the prime factors of 811976?
2, 11, 9227
List the prime factors of 12564854.
2, 23, 273149
What are the prime factors of 114239?
71, 1609
List the prime factors of 4326906.
2, 3, 661, 1091
What are the prime factors of 5927068?
2, 7, 211681
What are the prime factors of 428997?
3, 29, 4931
What are the prime factors of 392125?
5, 3137
What are the prime factors of 1342119?
3, 23, 53, 367
What are the prime factors of 624396?
2, 3, 61, 853
What are the prime factors of 30121?
7, 13, 331
List the prime factors of 11093655.
3, 5, 509, 1453
What are the prime factors of 212708?
2, 41, 1297
List the prime factors of 3980797.
409, 9733
What are the prime factors of 248919?
3, 11, 19, 397
List the prime factors of 911499.
3, 29, 10477
What are the prime factors of 7524615?
3, 5, 7, 71663
List the prime factors of 322764.
2, 3, 13, 2069
List the prime factors of 49123.
49123
What are the prime factors of 278845?
5, 7, 31, 257
List the prime factors of 17572195.
5, 31, 73, 1553
What are the prime factors of 302917?
19, 107, 149
List the prime factors of 227437.
7, 32491
List the prime factors of 1802048.
2, 37, 761
What are the prime factors of 8954649?
3, 11, 29, 3119
List the prime factors of 1641963.
3, 547321
List the prime factors of 255916.
2, 137, 467
List the prime factors of 319924.
2, 11, 661
What are the prime factors of 2327591?
7, 332513
What are the prime factors of 4091355?
3, 5, 23, 59, 67
List the prime factors of 333637.
43, 7759
What are the prime factors of 144284?
2, 7, 5153
List the prime factors of 9537944.
2, 13, 91711
What are the prime factors of 6906400?
2, 5, 89, 97
List the prime factors of 560689.
560689
What are the prime factors of 51903?
3, 73, 79
List the prime factors of 324168.
2, 3, 13, 1039
List the prime factors of 477888.
2, 3, 19, 131
List the prime factors of 151302.
2, 3, 151, 167
List the prime factors of 12000276.
2, 3, 333341
List the prime factors of 3730.
2, 5, 373
What are the prime factors of 497595?
3, 5, 7, 677
What are the prime factors of 40416?
2, 3, 421
What are the prime factors of 1158910?
2, 5, 115891
What are the prime factors of 2722249?
2722249
List the prime factors of 18473361.
3, 2111, 2917
What are the prime factors of 74624?
2, 11, 53
What are the prime factors of 336945?
3, 5, 7, 3209
What are the prime factors of 1068754?
2, 113, 4729
What are the prime factors of 988680?
2, 3, 5, 7, 11, 107
What are the prime factors of 297377?
297377
List the prime factors of 3447999.
3, 23, 16657
What are the prime factors of 1260101?
23, 54787
List the prime factors of 2214636.
2, 3, 184553
List the prime factors of 3046104.
2, 3, 42307
List the prime factors of 325942.
2, 162971
What are the prime factors of 16090774?
2, 7, 1149341
List the prime factors of 22981.
7, 67
List the prime factors of 12186781.
12186781
What are the prime factors of 7563786?
2, 3, 19, 43, 1543
List the prime factors of 424518.
2, 3, 70753
List the prime factors of 437718.
2, 3, 72953
What are the prime factors of 8435044?
2, 2108761
What are the prime factors of 39778117?
39778117
List the prime factors of 81709.
101, 809
What are the prime factors of 5875482?
2, 3, 883, 1109
List the prime factors of 25945792.
2, 19, 1123
List the prime factors of 12988552.
2, 19, 85451
What are the prime factors of 2279837?
7, 325691
List the prime factors of 1334369.
1334369
What are the prime factors of 73447?
11, 607
List the prime factors of 200484.
2, 3, 5569
What are the prime factors of 6032573?
59, 1733
What are the prime factors of 1215633?
3, 405211
List the prime factors of 564807.
3, 59, 3191
List the prime factors of 140445.
3, 5, 3121
List the prime factors of 619392.
2, 3, 1613
What are the prime factors of 937662?
2, 3, 11, 14207
List the prime factors of 649010.
2, 5, 64901
List the prime factors of 497348.
2, 124337
List the prime factors of 35365.
5, 11, 643
List the prime factors of 15285456.
2, 3, 41, 863
What are the prime factors of 102834?
2, 3, 29, 197
List the prime factors of 11594937.
3, 3864979
List the prime factors of 3443653.
59, 58367
What are the prime factors of 47262?
2, 3, 7877
List the prime factors of 244647.
3, 13, 17, 41
List the prime factors of 3021238.
2, 11, 191, 719
What are the prime factors of 3851156?
2, 962789
What are the prime factors of 4772435?
5, 317, 3011
What are the prime factors of 181292?
2, 61, 743
List the prime factors of 18309347.
7, 89, 29389
List the prime factors of 2184495.
3, 5, 145633
List the prime factors of 116749.
313, 373
What are the prime factors of 2006726?
2, 1003363
What are the prime factors of 4056170?
2, 5, 587, 691
List the prime factors of 521495.
5, 13, 71, 113
List the prime factors of 1999.
1999
What are the prime factors of 22660181?
22660181
What are the prime factors of 18649451?
79, 236069
List the prime factors of 4318909.
7, 19, 4639
List the prime factors of 545209.
7, 71, 1097
What are the prime factors of 1255846?
2, 23, 1187
What are the prime factors of 7941492?
2, 3, 13, 71, 239
What are the prime factors of 3263017?
3263017
What are the prime factors of 28296?
2, 3, 131
List the prime factors of 85478.
2, 79, 541
List the prime factors of 8931072.
2, 3, 29, 401
What are the prime factors of 183904?
2, 7, 821
What are the prime factors of 2553062?
2, 647, 1973
What are the prime factors of 287604?
2, 3, 2663
What are the prime factors of 12981463?
11, 1180133
List the prime factors of 2620391.
47, 127, 439
List the prime factors of 7608226.
2, 3804113
List the prime factors of 281297.
281297
What are the prime factors of 97050?
2, 3, 5, 647
List the prime factors of 59041.
17, 23, 151
What are the prime factors of 16523938?
2, 8261969
List the prime factors of 1600344.
2, 3, 31, 239
What are the prime factors of 3247269?
3, 97, 11159
What are the prime factors of 2494029?
3, 29, 109, 263
What are the prime factors of 19246?
2, 9623
What are the prime factors of 1682270?
2, 5, 168227
List the prime factors of 262464.
2, 3, 1367
List the prime factors of 7077209.
71, 99679
List the prime factors of 267390.
2, 3, 5, 2971
What are the prime factors of 7075001?
41, 172561
List the prime factors of 288493.
288493
What are the prime factors of 211747?
211747
What are the prime factors of 26424609?
3, 8808203
List the prime factors of 573311.
167, 3433
What are the prime factors of 142269?
3, 47, 1009
What are the prime factors of 3913517?
719, 5443
What are the prime factors of 10932941?
3011, 3631
What are the prime factors of 252396?
2, 3, 19, 41
List the prime factors of 19648.
2, 307
List the prime factors of 1115473.
31, 35983
What are the prime factors of 1138810?
2, 5, 47, 2423
What are the prime factors of 140415?
3, 5, 11, 23, 37
What are the prime factors